{"id":878,"date":"2020-05-07T14:01:10","date_gmt":"2020-05-07T12:01:10","guid":{"rendered":"https:\/\/www.pfoetchenuni.com\/?page_id=878"},"modified":"2020-05-07T14:01:11","modified_gmt":"2020-05-07T12:01:11","slug":"anfahrt","status":"publish","type":"page","link":"https:\/\/www.pfoetchenuni.com\/?page_id=878","title":{"rendered":"Anfahrt"},"content":{"rendered":"\n<p class=\"has-text-align-center has-medium-font-size\"><br><strong>Hundeschule Pf\u00f6tchenuni<br>Hahnenm\u00fchlenweg 101<br>44147 Dortmund<\/strong><\/p>\n\n\n\n<div style=\"height:100px\" aria-hidden=\"true\" class=\"wp-block-spacer\"><\/div>\n\n\n\n<p>Geben Sie bitte Hahnenm\u00fchlenweg 65, 44147 Dortmund als Zielort in Ihr Navigationssystem ein.<\/p>\n\n\n\n<p>An dieser Adresse angelangt (Tischlerei), fahren sie unter der Bogenf\u00f6rmigen Unterf\u00fchrung her.<\/p>\n\n\n\n<p>Die Stra\u00dfe macht nach ca. 20 Metern eine Rechtsbiegung, sie fahren aber bitte weiter gerade aus! (Hinweisschild \u201eSportplatz\u201c)<\/p>\n\n\n\n<p>Dies ist die Verl\u00e4ngerung des Hahnenm\u00fchlenwegs, eine \u00f6ffentliche Stra\u00dfe!<\/p>\n\n\n\n<p>Nach ca. 300 m kommen Sie am Sportplatz vorbei, (liegt auf ihrer rechten Seite) fahren sie weiter!<\/p>\n\n\n\n<p>Der Weg ist nicht ausgebaut, wir bitten dies zu beachten!<\/p>\n\n\n\n<p>Nach ca. 400 m kommt auf der rechten Seite ein Einfahrtstor, dies ist der DVG Mitte, NICHT ihre Zieladresse.<\/p>\n\n\n\n<p>Bitte an diesem Hundeplatz vorbei weiter dem Weg folgen!<\/p>\n\n\n\n<p>Ca. 300 m weiter kommt dann auf der rechten Seite ein dunkelgr\u00fcnes Einfahrttor von Holzsichtschutzen ges\u00e4umt, hier bitte hineinfahren!<\/p>\n\n\n\n<p>\u201e<strong>Sie haben ihr Ziel erreicht<\/strong>\u201e<\/p>\n\n\n\n<div style=\"height:100px\" aria-hidden=\"true\" class=\"wp-block-spacer\"><\/div>\n\n\n\n<figure class=\"wp-block-image size-large\"><img loading=\"lazy\" decoding=\"async\" width=\"1024\" height=\"674\" src=\"https:\/\/www.pfoetchenuni.com\/wp-content\/uploads\/2020\/05\/Unbenannt-1024x674.jpg\" alt=\"\" class=\"wp-image-880\" srcset=\"https:\/\/www.pfoetchenuni.com\/wp-content\/uploads\/2020\/05\/Unbenannt-1024x674.jpg 1024w, https:\/\/www.pfoetchenuni.com\/wp-content\/uploads\/2020\/05\/Unbenannt-300x197.jpg 300w, https:\/\/www.pfoetchenuni.com\/wp-content\/uploads\/2020\/05\/Unbenannt-768x505.jpg 768w, https:\/\/www.pfoetchenuni.com\/wp-content\/uploads\/2020\/05\/Unbenannt-1320x869.jpg 1320w, https:\/\/www.pfoetchenuni.com\/wp-content\/uploads\/2020\/05\/Unbenannt.jpg 1418w\" sizes=\"auto, (max-width: 1024px) 100vw, 1024px\" \/><\/figure>\n","protected":false},"excerpt":{"rendered":"<p>Hundeschule Pf\u00f6tchenuniHahnenm\u00fchlenweg 10144147 Dortmund Geben Sie bitte Hahnenm\u00fchlenweg 65, 44147 Dortmund als Zielort in Ihr Navigationssystem ein. An dieser Adresse angelangt (Tischlerei), fahren sie unter der Bogenf\u00f6rmigen Unterf\u00fchrung her. Die&#8230;<\/p>\n","protected":false},"author":2,"featured_media":0,"parent":0,"menu_order":0,"comment_status":"closed","ping_status":"closed","template":"","meta":{"footnotes":""},"class_list":["post-878","page","type-page","status-publish","hentry"],"_links":{"self":[{"href":"https:\/\/www.pfoetchenuni.com\/index.php?rest_route=\/wp\/v2\/pages\/878","targetHints":{"allow":["GET"]}}],"collection":[{"href":"https:\/\/www.pfoetchenuni.com\/index.php?rest_route=\/wp\/v2\/pages"}],"about":[{"href":"https:\/\/www.pfoetchenuni.com\/index.php?rest_route=\/wp\/v2\/types\/page"}],"author":[{"embeddable":true,"href":"https:\/\/www.pfoetchenuni.com\/index.php?rest_route=\/wp\/v2\/users\/2"}],"replies":[{"embeddable":true,"href":"https:\/\/www.pfoetchenuni.com\/index.php?rest_route=%2Fwp%2Fv2%2Fcomments&post=878"}],"version-history":[{"count":5,"href":"https:\/\/www.pfoetchenuni.com\/index.php?rest_route=\/wp\/v2\/pages\/878\/revisions"}],"predecessor-version":[{"id":884,"href":"https:\/\/www.pfoetchenuni.com\/index.php?rest_route=\/wp\/v2\/pages\/878\/revisions\/884"}],"wp:attachment":[{"href":"https:\/\/www.pfoetchenuni.com\/index.php?rest_route=%2Fwp%2Fv2%2Fmedia&parent=878"}],"curies":[{"name":"wp","href":"https:\/\/api.w.org\/{rel}","templated":true}]}}